 - 17 + 8*u**2 + u**2 + 5*u**2. Let i be w(8). Let v(d) = -d**3 + 7*d**2 + d - 1. Give v(i).
6
Let g(k) = -18 + 58 - 3*k - 18. Let v(b) = b - 7. Let w(t) = 2*g(t) + 7*v(t). Determine w(4).
-1
Let u(f) = -f**3 + 8*f**2 - 7*f. Let b(o) = o**3 + 36. Let m be b(0). Suppose -j = -1, -m = -5*w + 7*j - 8*j. What is u(w)?
0
Let h(l) = -5*l**2 - 35*l + 33. Let g(n) = 6*n**2 + 39*n - 28. Let p(q) = -4*g(q) - 5*h(q). Calculate p(-22).
13
Let l(i) = -i**3 - 14*i**2 - i - 11. Let s be l(-14). Let z(u) = -9*u**3 + 2*u + 0*u**2 - u**2 + 1 - 10*u**3 - 29*u**3 + s*u**2. What is z(-1)?
49
Let n(s) be the first derivative of s**4/4 + 11*s**3/3 + 5*s**2 + 7*s + 4. Suppose 138*b - 10 = 139*b. What is n(b)?
7
Suppose -7*q + 35 = -12*q. Let b(o) = -o**2 - 6*o - 1. Let y be b(q). Let c(x) = -x**2 - 2 + 9 - 3 - 7*x. Calculate c(y).
-4
Let u(y) be the second derivative of y**5/20 + 11*y**4/6 + 20*y**3/3 + 28*y - 71. What is u(-20)?
0
Let m(f) = -f**2 - 11*f - 4. Let p(d) = -2*d + 1. Let z be 2 + (-35)/8 + 6/16. Let h(x) = z*p(x) + m(x). What is h(-5)?
4
Let w(g) = -4*g**2 + 62*g - 27. Let t(i) = -i**2 + 90*i - 641. Let a be t(82). What is w(a)?
3
Let r(l) = -7*l + 19. Let j(f) = 5. Let m(u) = 15*j(u) - 3*r(u). What is m(-1)?
-3
Let j(g) be the third derivative of 3*g**2 - 13*g + 1/8*g**4 + 0 + 1/6*g**3. Determine j(2).
7
Let i = -56 + 52. Let z(a) = -5*a - 13. What is z(i)?
7
Suppose 9*r + 4 = 8*r, -4*r = -2*y + 14. Let u be (2/3)/(3/9). Let p(i) = 2*i + u*i**2 + 3*i**2 + 1 - 4*i**2 + 5*i**3. Calculate p(y).
-5
Let q(y) = 4*y - 1. Suppose -5*z - 2*n - 44 - 1 = 0, 0 = 5*n - 25. Let d be z - (-2 - -2) - (-116)/29. What is q(d)?
-29
Let y(u) = -17 + 11*u - 8*u - 5*u + 0. Let n be y(-11). Suppose -2*t - 39 = n*z, -t = -z - 4*t - 13. Let s(i) = -i**3 - 6*i**2 + 8*i + 6. What is s(z)?
-1
Let t = -27512 - -27543. Let s(z) = 2*z**3 - 63*z**2 + 31*z - 12. Calculate s(t).
-12
Let i = 106 - 190. Let x = 1235 + -1317. Let h = x - i. Let f(s) = 2*s**3 - 3*s**2 + s. What is f(h)?
6
Let h(o) = -4*o - 14. Let t(a) = -a - 3. Let x(j) = -h(j) + 3*t(j). Give x(-19).
-14
Let x = -5 - -3. Let j(v) = 7*v - 126. Let w(g) = -61*g + 1091. Let b(s) = -26*j(s) - 3*w(s). What is b(x)?
1
Let c(d) = -3*d**2 + 7*d - 5. Let l(x) = -3*x**2 + 6*x - 4. Let z(r) = 5*c(r) - 6*l(r). Suppose -12*n = -11*n + 2. Calculate z(n).
13
Suppose 3*s + 4*o = 44, 6*o - 11 - 55 = s. Let p(g) = 1. Let j(c) = c + 5. Let f = 4 + 0. Let q(r) = f*p(r) - j(r). Determine q(s).
-1
Let u = 297 + -257. Let g be 2/8 + (10 - 450/u). Let y(j) = -32*j**3 + j**2 - 1. Calculate y(g).
32
Let c(t) = -54*t + 3831. Let y be c(71). Let j(h) = 2*h**3 + h**2 + 3. Determine j(y).
-42
Let u = 22359 + -22355. Let s(f) = 3*f**2 + 21*f + 2. Determine s(u).
134
Let y(v) = v**3 + 7*v**2 + 5*v. Let s be 4/30 + 56/30 - 12. Let l be (-12)/((-15)/(75/s)). What is y(l)?
6
Suppose -f + 13206 - 13213 = 0. Let h(i) = i + 12. Determine h(f).
5
Let i(c) = 38*c + 1061. Let g be i(-28). Let z(f) = f**2 + 4*f + 4. Give z(g).
1
Let x(o) = -2*o - 15. Let p be 4*-3*(-99)/(-108). Calculate x(p).
7
Let i(w) be the first derivative of w**4/4 - 2*w**3 - w**2/2 + 6*w - 2. Let r(x) = -10*x**2 - 1118*x + 2515. Let s be r(-114). Give i(s).
48
Let u(j) = 9547*j - 19161*j - 20 - 5*j**2 + 9570*j. Give u(-8).
12
Let f(l) = -4*l**2 + 41*l + 1. Let r(y) = -y**2 + 14*y + 9. Let i(u) = 2*f(u) - 7*r(u). Determine i(-8).
3
Let l be (-42)/14 - (1 - 5). Let u(m) be the third derivative of m**6/10 - m**5/30 - m**4/24 + m**3/3 + 986*m**2. What is u(l)?
11
Let o(l) = 44*l - 26. Let q be (1/(-3))/(123/63 - 2). Let s be o(q). Let m(u) = 1 + 283*u - s*u + 1. Determine m(0).
2
Let v(f) be the third derivative of 0*f + 0 + 1/12*f**4 + 0*f**3 - 52*f**2 + 1/30*f**5. Suppose 10 = 2*s - 7*s. Give v(s).
4
Suppose 0 = -6*q + 12 + 33 - 3. Let j(r) = -r**3 + 8*r**2 - 13*r + 36. What is j(q)?
-6
Let p(w) = 25 + 7557*w - 2516*w - 2516*w - 2524*w. What is p(-20)?
5
Let m(v) = -v**3 - 37*v**2 + 35*v - 106. Let g be m(-38). Let u(j) = 27*j - 41. Let y(h) = 17*h - 27. Let t(f) = g*y(f) - 5*u(f). What is t(5)?
-6
Let c(a) = -a**2 + a - 2. Let z(h) = 2*h + 21. Let b be z(-8). Let u be -3 + b/(-30)*0. Determine c(u).
-14
Suppose i - 25 = -2*i + 5*k, -3*i = -4*k - 20. Let u be 13/91*i - (-2 + 0). Let d(c) = -4*c**3 + 4*c**2 - 3*c + 2. Determine d(u).
-20
Suppose 66 + 0 = 6*i. Let j(p) = 5*p**3 + 46*p**2 + 39*p - 53. Let f(l) = -2*l**3 - 16*l**2 - 13*l + 18. Let q(g) = 8*f(g) + 3*j(g). Determine q(i).
7
Let z = 9707/230664 - 4/9611. Let r(m) be the third derivative of 0*m + 0 + 2*m**3 - z*m**4 - 40*m**2. Give r(6).
6
Let z(y) = 5*y**2 + 38*y + 3. Let p be z(-8). Let a be (-5 + p + -4)*8/10. Let f(r) = -2*r + 1. Give f(a).
-15
Let h(a) = -10*a + 7 + 212*a**3 - 447*a**3 + 234*a**3 + 8*a**2. Determine h(6).
19
Suppose -1 = b + 1. Let y be -4 - b/(1 + 1). Let r(t) = -4*t**3 + 4*t**3 + 3*t**2 + t**3. Give r(y).
0
Let g(y) = 3*y - 1 - 7*y + 1 + 2. Let b(o) = -15*o + 8. Let s(n) = -2*b(n) + 9*g(n). Suppose -3*p + 4 = 4*i + 2, -i + 3 = 2*p. Give s(p).
-10
Let f(r) = -1033*r + 1013*r - 1 - 34 - r**2 - 17. Give f(-15).
23
Let j(x) = 2*x**3 + 11*x + 6. Let m(u) = 3*u**3 + 19*u + 10. Let t(k) = 5*j(k) - 3*m(k). Suppose 23 = 2*c - 7. Suppose n - c = -4*n. Determine t(n).
21
Let u(b) = -2*b + 11. Suppose 12*h = -h + 390. Suppose 0*w - 12 = -w - o, -h = -3*w - o. What is u(w)?
-7
Let t(w) = w**3 + w**2 - w + 1. Let n be t(0). Let b be (-5 + -1)*n/(-2). Let v(o) = o**3 - o**2 - 3*o + 2. Give v(b).
11
Let p(l) = l**3 - 4*l**2 - 1. Let y(c) = 2*c. Let f(u) = -10*u - 72. Let x(z) = -f(z) - 3*y(z). Let k be x(-17). What is p(k)?
-1
Suppose z - 2 = 5*s, 3*z = 5*s + 3 - 7. Let r = s - 8. Let m(q) = 2*q + 20. Let v be m(r). Let i(u) = 10*u - 3. Calculate i(v).
17
Let k(c) = -6*c**3 + c**2 - 7*c + 11. Let i(p) = 5*p**3 - 2*p**2 + 7*p - 10. Suppose 0 = -2*v - 8, -v = 5*y - 9 - 7. Let t(r) = y*k(r) + 5*i(r). Calculate t(4).
-10
Let t(w) = 2*w - 1. Let s(i) = -i**3 + 7*i**2 + 22*i - 9. Let n(k) = -3*k**2 + 8*k - 3. Let o be n(2). Let a(r) = o*s(r) - 6*t(r). Determine a(8).
13
Let z(q) = -6*q**3 + 2*q**2 + 2*q + 7. Suppose -4*n - 7*m = 1, -5*n - 4*m + 13 = 19. Give z(n).
59
Let b(t) = -10*t - 13. Let g(i) be the second derivative of 5*i**3/6 + 7*i**2/2 + 7*i + 3. Let s(w) = -3*b(w) - 7*g(w). Determine s(-7).
25
Let z(d) = 205 + 215 - 8*d + 7*d - 430. Suppose 4*i + 2*u = 34, 0 = -3*i - 2*i - 3*u + 44. Give z(i).
-17
Let l(w) = -w**3 + w. Let x be (2/14)/(-9 + (-992)/(-112)). What is l(x)?
0
Let d be 2194/(-12) + (-8)/48. Let q = d + 186. Let s(p) = p**3 - p**2 + 5*p - 4. What is s(q)?
29
Let d be (88/12 - -6)*(-6)/(-4). Let n(j) = 2*j**2 + 13 - 11 - 3 - d - j**2 + 7*j. What is n(-9)?
-3
Let h(x) = 2*x**2 + 25 + 5414271*x + 4*x**2 - 5414245*x. Give h(-1).
5
Let a = -495 - -504. Let i(r) = -a - 6 + 2*r**3 + 13 - r**3 - 5. Calculate i(0).
-7
Let z = -266 - -265. Let m(g) = -2*g. Give m(z).
2
Suppose 4*l - 18 = 5*k - 86, 51 = 3*k + l. Suppose k = -48*b + 52*b. Let i(x) = 3*x - 2*x**2 - x**3 + 0*x - x - b*x. Give i(-2).
4
Let v(z) = -3*z - 22. Let s be (11 + -2 + -1)*(39 + -40). Give v(s).
2
Let j(s) = -s**3 + 10*s**2 + 27*s - 31. Let f(r) = r**3 - 7*r**2 - 226*r - 26. Let g be f(19). Calculate j(g).
5
Suppose 11*h - 212 + 91 = 0. Let g(w) = 2*w - 15. Let s be g(h). Let z(m) = -m + 8. Determine z(s).
1
Let b = -180 - -178. Let m be 1 - 8 - b - -7. Let f(c) = -2*c**3 + c**2 + c + 2. Calculate f(m).
-8
Let x be (-4)/((-4)/5) + 3. Let j(q) = 1061*q - q**3 - 9*q**2 + 2*q**3 + 6 + 2*q**2 - 532*q - 534*q. What is j(x)?
30
Let r(b) = 8*b**3 + 28*b**2 + 26*b + 37. Let n(o) = -35*o**3 - 113*o**2 - 104*o - 158. Let c(f) = -2*n(f) - 9*r(f). What is c(-12)?
7
Let r be (-37)/(-13) - 46/(-299). Suppose -c + 3*a = -r*c - 26, -5*c - 5*a = 55. Let f(m) = m + 11. Give f(c).
4
Suppose 23*d - 154 + 522 = 0. Let f(x) = x + 24. Give f(d).
8
Let y(t) = 942 + 6*t - 13*t - 426 - t**3 - 458 - 13*t + 17*t**2. Determine y(16).
-6
Suppose -2*q + 235 = -5*r, 0 = -2*r - 2*r + q - 185. Let o be (-278)/10 + 9/r. Let w = o - -31. Let a(m) = m**3 - 3*m**2 - m + 1. Give a(w).
-2
Let l be ((-9)/135)/(6 - (-1672)/(-275)). Let j(t) be the third derivative of 1/3*t**4 + l*t**3 + 0 + 14*t**2 + 0*t - 1/60*t**5. Give j(8).
5
Let b(k) = 420*k + 82. Let l(a) = -191*a - 40. Let n(c) 